 factors of 430541.
41, 10501
List the prime factors of 8801521.
8801521
List the prime factors of 292224.
2, 3, 761
What are the prime factors of 1667193?
3, 11, 19, 2659
List the prime factors of 134057.
7, 11, 1741
List the prime factors of 261699.
3, 83, 1051
List the prime factors of 598116.
2, 3, 49843
What are the prime factors of 293383?
397, 739
What are the prime factors of 371323?
449, 827
What are the prime factors of 499848?
2, 3, 59, 353
What are the prime factors of 84811?
84811
List the prime factors of 1322626.
2, 239, 2767
List the prime factors of 4001723.
11, 19, 41, 467
What are the prime factors of 6877252?
2, 1123, 1531
List the prime factors of 18563.
19, 977
What are the prime factors of 19569649?
11, 31, 57389
List the prime factors of 921794.
2, 23, 29, 691
What are the prime factors of 1600360?
2, 5, 40009
What are the prime factors of 237080?
2, 5, 5927
List the prime factors of 640880.
2, 5, 8011
List the prime factors of 240731.
67, 3593
What are the prime factors of 635600?
2, 5, 7, 227
What are the prime factors of 3070861?
3070861
List the prime factors of 2270512.
2, 141907
List the prime factors of 1051.
1051
List the prime factors of 7308052.
2, 257, 7109
What are the prime factors of 20935713?
3, 1901, 3671
List the prime factors of 661302.
2, 3, 36739
List the prime factors of 1283179.
1283179
What are the prime factors of 1970702?
2, 985351
List the prime factors of 1033034.
2, 516517
What are the prime factors of 1948591?
17, 83, 1381
What are the prime factors of 1739486?
2, 7, 124249
List the prime factors of 468954.
2, 3, 26053
List the prime factors of 282306.
2, 3, 47051
List the prime factors of 16427598.
2, 3, 11, 248903
List the prime factors of 370329.
3, 19, 73, 89
What are the prime factors of 269368?
2, 11, 3061
List the prime factors of 4085927.
23, 59, 3011
List the prime factors of 146797.
7, 67, 313
List the prime factors of 3978272.
2, 17, 71, 103
List the prime factors of 106543.
106543
List the prime factors of 1178168.
2, 17, 8663
List the prime factors of 4840871.
7, 691553
What are the prime factors of 3127999?
7, 283, 1579
What are the prime factors of 14218990?
2, 5, 29, 49031
What are the prime factors of 25493009?
4363, 5843
List the prime factors of 178113.
3, 13, 4567
List the prime factors of 185875.
5, 1487
What are the prime factors of 157579?
157579
What are the prime factors of 5267396?
2, 31, 107, 397
What are the prime factors of 12269589?
3, 193, 21191
List the prime factors of 1804764.
2, 3, 13, 23, 503
What are the prime factors of 57642?
2, 3, 13, 739
List the prime factors of 1919031.
3, 639677
List the prime factors of 4794770.
2, 5, 31, 15467
List the prime factors of 19193090.
2, 5, 7, 274187
List the prime factors of 1661675.
5, 66467
List the prime factors of 1611170.
2, 5, 11, 97, 151
What are the prime factors of 1116897?
3, 372299
What are the prime factors of 32802?
2, 3, 7, 11, 71
List the prime factors of 387363.
3, 129121
List the prime factors of 9134.
2, 4567
List the prime factors of 514796.
2, 41, 43, 73
List the prime factors of 501658.
2, 250829
What are the prime factors of 927554?
2, 17, 27281
What are the prime factors of 614701?
614701
What are the prime factors of 14003?
11, 19, 67
What are the prime factors of 287887?
287887
What are the prime factors of 7215912?
2, 3, 11, 3037
What are the prime factors of 273866?
2, 19, 7207
What are the prime factors of 5081639?
577, 8807
List the prime factors of 2210474.
2, 7, 41, 3851
List the prime factors of 7088982.
2, 3, 41, 28817
List the prime factors of 317013.
3, 251, 421
What are the prime factors of 4331585?
5, 29, 29873
What are the prime factors of 464158?
2, 232079
List the prime factors of 5142692.
2, 19, 157, 431
What are the prime factors of 448844?
2, 11, 101
List the prime factors of 7562795.
5, 1512559
List the prime factors of 247221.
3, 13, 2113
What are the prime factors of 251404?
2, 62851
List the prime factors of 15794507.
15794507
What are the prime factors of 2118597?
3, 13, 54323
What are the prime factors of 652933?
652933
What are the prime factors of 39845471?
39845471
What are the prime factors of 3329080?
2, 5, 83227
What are the prime factors of 208740?
2, 3, 5, 7, 71
List the prime factors of 390596.
2, 97649
List the prime factors of 48352.
2, 1511
List the prime factors of 24523.
137, 179
List the prime factors of 729624.
2, 3, 7, 43, 101
List the prime factors of 1013111.
11, 31, 2971
What are the prime factors of 230654?
2, 115327
What are the prime factors of 105525?
3, 5, 7, 67
List the prime factors of 2324362.
2, 461, 2521
What are the prime factors of 140336?
2, 7, 179
What are the prime factors of 17003489?
283, 60083
What are the prime factors of 3285995?
5, 293, 2243
List the prime factors of 371567.
7, 7583
What are the prime factors of 22940033?
41, 559513
List the prime factors of 2268766.
2, 23, 31, 37, 43
What are the prime factors of 2695614?
2, 3, 449269
What are the prime factors of 1993147?
13, 153319
What are the prime factors of 151624?
2, 11, 1723
List the prime factors of 23625509.
271, 87179
List the prime factors of 1891711.
1891711
What are the prime factors of 3704207?
13, 83, 3433
List the prime factors of 715918.
2, 7, 51137
What are the prime factors of 397182?
2, 3, 53, 1249
What are the prime factors of 23865530?
2, 5, 13, 183581
List the prime factors of 4953.
3, 13, 127
What are the prime factors of 3679719?
3, 151, 8123
List the prime factors of 2941.
17, 173
List the prime factors of 12478355.
5, 1553, 1607
List the prime factors of 9380144.
2, 41, 79, 181
List the prime factors of 220069.
31, 229
What are the prime factors of 41019?
3, 11, 113
List the prime factors of 1932189.
3, 7, 92009
What are the prime factors of 195097?
7, 47, 593
What are the prime factors of 17053?
17053
List the prime factors of 5470319.
967, 5657
List the prime factors of 2160289.
73, 101, 293
List the prime factors of 728009.
157, 4637
List the prime factors of 268802.
2, 134401
What are the prime factors of 87045?
3, 5, 7, 829
List the prime factors of 611206.
2, 305603
What are the prime factors of 2760256?
2, 17, 43, 59
What are the prime factors of 1132925?
5, 45317
What are the prime factors of 66038?
2, 7, 53, 89
What are the prime factors of 13236098?
2, 17, 389297
List the prime factors of 108993.
3, 47, 773
List the prime factors of 3492923.
7, 498989
List the prime factors of 3668135.
5, 89, 8243
What are the prime factors of 3684962?
2, 1842481
What are the prime factors of 1651948?
2, 412987
What are the prime factors of 579856?
2, 36241
List the prime factors of 13412265.
3, 5, 894151
What are the prime factors of 385377?
3, 19, 6761
List the prime factors of 372660.
2, 3, 5, 6211
List the prime factors of 9158799.
3, 13, 73, 3217
List the prime factors of 808161.
3, 269387
What are the prime factors of 15001903?
7, 29, 67, 1103
List the prime factors of 11374188.
2, 3, 7, 43, 47, 67
List the prime factors of 575759.
23, 25033
List the prime factors of 174602.
2, 67, 1303
List the prime factors of 3283667.
113, 29059
What are the prime factors of 24427230?
2, 3, 5, 814241
List the prime factors of 535025.
5, 21401
What are the prime factors of 5366967?
3, 89, 20101
What are the prime factors of 288547?
7, 41221
What are the prime factors of 94907?
94907
What are the prime factors of 13602?
2, 3, 2267
List the prime factors of 3675629.
3675629
What are the prime factors of 225078?
2, 3, 7, 23, 233
What are the prime factors of 1729299?
3, 11, 13, 29, 139
List the prime factors of 21535.
5, 59, 73
List the prime factors of 2636189.
383, 6883
List the prime factors of 10068.
2, 3, 839
What are the prime factors of 1283163?
3, 7, 29, 43
List the prime factors of 9643145.
5, 1928629
List the prime factors of 2010909.
3, 670303
What are the prime factors of 227837?
41, 5557
List the prime factors of 3196043.
313, 10211
What are the prime factors of 1363998?
2, 3, 463, 491
List the prime factors of 397383.
3, 7, 127, 149
What are the prime factors of 476000?
2, 5, 7, 17
What are the prime factors of 1395025?
5, 41, 1361
List the prime factors of 3416327.
53, 73, 883
List the prime factors of 22875.
3, 5, 61
What are the prime factors of 55